. Let j = 44 + c. Let t(b) = b**3 + 7*b**2 + 2*b - 6. Let p be t(-6). What is the greatest common divisor of p and j?
18
Suppose -6*h + 21 = -351. Let o = -36 + h. Calculate the greatest common factor of 104 and o.
26
Suppose 358*t = 349*t + 90. What is the greatest common factor of 405 and t?
5
Let z be (-57)/1*4/(-6). Suppose z = 3*p - 4. Let y be 34/8 - (-981)/(-436). Calculate the greatest common divisor of y and p.
2
Let o be (-4)/(-38) + 10448/19. What is the greatest common factor of 150 and o?
50
Let s(h) = 3 - 2*h**3 - h**2 + 20*h - h**3 - 19*h. Let o be s(-3). Calculate the greatest common factor of o and 8.
8
Let h = -45 + 45. Suppose -7*d + 12*d - 195 = h. Calculate the highest common factor of 26 and d.
13
Let b be (-13209)/(-49) - (-3)/7. What is the greatest common divisor of b and 6?
6
Let x = 2150 - 2066. Calculate the greatest common factor of x and 588.
84
Suppose 9*c - 38*c + 261 = 0. Calculate the greatest common divisor of c and 42.
3
Let w be ((-270)/162)/((-2)/360). Calculate the greatest common divisor of 96 and w.
12
Suppose 21 + 5 = 13*a. Suppose 3*y + q - 38 = 0, -5*y - a*q + 79 - 14 = 0. Calculate the highest common factor of 55 and y.
11
Suppose -15*p - 185 = 475. Let m = p - -74. What is the highest common factor of 180 and m?
30
Let q = 14 - 6. Let l(h) = 2*h**3 + 16*h**2 - 6*h - 16. Let c be l(-8). Calculate the highest common divisor of c and q.
8
Suppose -3*d + 5 = -l, -l = d - 0*l - 7. Calculate the highest common divisor of d and 5.
1
Suppose -4*k = 5*r - 13, -3*k + 5 - 4 = -5*r. Calculate the highest common factor of 9 and r.
1
Let q be (-21)/6 + (-2)/4. Suppose 2*j = -3*j - 160. Let u be (-2)/((8 + q)/j). Calculate the greatest common divisor of u and 112.
16
Suppose -416 = -57*n + 154. Calculate the greatest common factor of 10 and n.
10
Suppose -b = -2*g - 164, 5*b - 586 = -8*g + 270. What is the greatest common factor of 108 and b?
12
Suppose 3*n + 310 - 508 = 0. Calculate the greatest common divisor of n and 792.
66
Let g(c) = -20*c - 616. Let h be g(-33). Calculate the highest common divisor of 8 and h.
4
Suppose -4*p - 2*d + 326 = 0, 2*p + 5*d + 1 - 176 = 0. What is the highest common factor of p and 120?
40
Suppose 0 = 63*q - 59*q - 1920. Suppose 11*j - j - q = 0. Calculate the highest common factor of 6 and j.
6
Let s(f) = 2*f**3 + f**2 - 5*f + 4. Let y be s(1). Suppose 15*h = -y*h + 102. Calculate the highest common divisor of 12 and h.
6
Suppose 4*g - 13 - 7 = 0. Let k be (7/(-21))/(2/(-12)). Suppose i + k*y + 7 = 0, -5*y - 19 = 4*i - 3. Calculate the greatest common divisor of i and g.
1
Suppose 0*g + k = -3*g - 2, -4*g - 5*k + 12 = 0. Let t be 0/g - (-7 + 6 - 3). What is the greatest common divisor of t and 3?
1
Let j be (14/(-6) + 2)/(-1)*213. Let f = j + 113. Let m(x) = 22*x**2 + 1. Let h be m(1). Calculate the highest common divisor of h and f.
23
Suppose -4*j - 3*f = -147, -16*j - 39 = -17*j - 3*f. Calculate the highest common divisor of 414 and j.
18
Let s(k) = 5 + 1 + 8*k - 7*k. Let u be s(7). Calculate the greatest common factor of 13 and u.
13
Suppose 20*x = 162 + 18. Calculate the greatest common factor of 18 and x.
9
Suppose -s = 2*s - 5*l - 50, 5*l = 4*s - 70. Calculate the greatest common divisor of s and 470.
10
Let u(s) be the third derivative of s**5/60 - 5*s**4/12 - 16*s**3/3 - 21*s**2. Let y be u(14). Calculate the highest common factor of 120 and y.
24
Suppose -54*u + 735 = 33. What is the greatest common divisor of 1 and u?
1
Suppose 3*a = 4*r + 31, r = 2*a + 3*a - 46. Let g be (-6)/(5/((-45)/6)). Calculate the highest common divisor of g and a.
9
Let x = -1017 + 1167. Calculate the highest common divisor of x and 18.
6
Suppose 3*i + 2*t = -0*t + 36, 2*t - 26 = -2*i. Let x(q) = 12*q**2 + 5*q - 3. Let d be x(3). Suppose 2*o + o = d. What is the highest common factor of i and o?
10
Suppose 2498 + 1537 = 5*j. Let y = -523 + j. Let c be y/16 + 2/8. What is the greatest common divisor of c and 12?
6
Let c(l) = -l**3 + 9*l**2 - 4*l - 4. Let q be c(9). Let k = 2 - q. Suppose p + 4*p - 525 = 0. Calculate the highest common divisor of k and p.
21
Let l be (-234)/(-1872) + ((-13518)/(-16) - 0). What is the highest common divisor of l and 65?
65
Let s be 21 - (-1 - 0 - -1). Let l = 17 + -12. Let g = l - 2. Calculate the greatest common factor of s and g.
3
Suppose 13 + 7 = -5*o. Let g be -3*1*o/12. Suppose 2*h - g = 23. What is the greatest common divisor of h and 108?
12
Let m(t) = -12*t - 315. Let a be m(-27). What is the greatest common divisor of 621 and a?
9
Suppose 0 = 2*j + 4*j - 732. Suppose -38 = -3*o - j. Let x be (18/7)/((-6)/o). Calculate the highest common factor of 12 and x.
12
Let r be ((-12)/(-30))/(2/20). Suppose -68 = -r*f - 16. Calculate the highest common divisor of f and 104.
13
Suppose -4*r + c = -29, 2*r + 2*r = -3*c + 9. Let u = -18 - -75. Let t = u + -53. What is the highest common divisor of r and t?
2
Let m(x) = 627*x**2 - 3 - x - 8*x - 620*x**2 - x**3. Let c be m(5). Calculate the greatest common divisor of 16 and c.
2
Let u(o) = 13*o**2 - 5. Let p be u(-3). Suppose 0*n - 26 = -3*c - n, -2*n + 45 = 5*c. Calculate the highest common divisor of c and p.
7
Suppose 5*y - l = 9*y - 68, -l + 86 = 5*y. What is the highest common factor of y and 486?
18
Suppose 354 = -6*a + 1038. Calculate the highest common factor of a and 304.
38
Let j(p) = -p**2 - 29*p + 109. Let a be j(-32). What is the greatest common factor of 533 and a?
13
Suppose -5*a = 3 - 28. Suppose -4*q - 5*t + 75 = 0, -5*q + 2*q + 100 = -a*t. Calculate the greatest common factor of q and 5.
5
Let d be 1 - (-2 - (-2 - 0)). Let t be 12/(d*9/(-6)). Let a = t - -38. What is the highest common factor of a and 6?
6
Let j(l) = -117*l + 7. Let k be j(-3). Let i be (-2)/(-4) - k/(-4). What is the highest common divisor of i and 18?
18
Let a(q) = 23*q**2 + 4*q - 3. Let c be a(1). Let w be (c/(-10))/(12/(-160)). Calculate the highest common divisor of 48 and w.
16
Let c be (2/(-3))/(4 - 290/75). Let v be (36 - -3)/((-1)/c). Calculate the highest common factor of 15 and v.
15
Suppose 4*f + 560 - 684 = 0. Calculate the greatest common divisor of f and 527.
31
Let d(v) = 18*v + 136. Let a be d(3). What is the highest common factor of 20 and a?
10
Let q = 3536 - 3506. Let r be -1 - -6*(-14)/(-4). Calculate the highest common divisor of r and q.
10
Let m = 34 - 24. Suppose 14*d = m*d + 80. What is the greatest common divisor of d and 20?
20
Let b(t) = -t**3 - 15*t**2 + 6*t + 91. Let w be b(-15). Calculate the greatest common factor of w and 81.
1
Let j be (-388)/(-1843) + 72/19. Let m be (-6 + 2)*-2 + 0. Calculate the highest common divisor of m and j.
4
Suppose 3*y = 5*y - 6. Let w = 707 + -704. What is the greatest common factor of y and w?
3
Let c = 862 + -848. Calculate the greatest common factor of 2954 and c.
14
Let z = -128 + 148. Calculate the greatest common factor of 180 and z.
20
Let q be 0*(-2)/(-8)*(-1)/(-3). Let y be 2 + q + 8/4. What is the greatest common factor of y and 28?
4
Suppose 0 = 2*x - x - 55. Let m be (-1 - 2/(-1))*3. Suppose m*g - 50 = 16. Calculate the highest common factor of x and g.
11
Let h(o) = o**3 + 10*o**2 - 12*o - 15. Let v be h(-11). Let a be (26/v)/(1/(-6)). Let j = -13 - -39. Calculate the highest common divisor of a and j.
13
Let c(i) = -i**3 + 5*i**2 - 5*i + 2. Let y be c(2). Suppose -9*w + 75 = -y*w. What is the highest common divisor of 75 and w?
15
Let f be 1484 + 70 - (-12 + 2). What is the greatest common divisor of f and 92?
92
Let i be 36560/90 + 2/(-9). Calculate the highest common factor of i and 232.
58
Suppose 12*h - 120 = 9*h. Calculate the greatest common divisor of 16 and h.
8
Suppose 1440*j + 184 = 1441*j. What is the highest common factor of 69 and j?
23
Suppose 5*t + 2201 - 421 = 5*z, -t = 5*z - 1756. Let p = 124 + -92. Calculate the greatest common factor of p and z.
32
Let y = -364 + 394. Calculate the highest common factor of 45 and y.
15
Let n = 20 + -28. Let c be 2015/52 - (-6)/n. Suppose -z - o = -2*o - 14, -5*o - c = -3*z. What is the highest common divisor of 8 and z?
8
Let m = -1967 - -2227. Calculate the highest common factor of 160 and m.
20
Let k = 6 + -4. Let d(x) = 6*x**2 - x - 1. Let z be d(k). Let q = z - 13. What is the greatest common fac